vide 11567479?
True
Is 10460 a multiple of 2?
True
Is 18 a factor of 1869642?
True
Does 6 divide 19226?
False
Is 97 a factor of 78155?
False
Is 268 a multiple of 5?
False
Does 35 divide 45130?
False
Does 223 divide 285440?
True
Does 3 divide 129137?
False
Is 13 a factor of 159142?
False
Is 12 a factor of 4802952?
True
Does 43 divide 41091?
False
Is 1106568 a multiple of 327?
True
Does 32 divide 1961856?
True
Does 8 divide 484104?
True
Is 656 a factor of 2722665?
False
Is 255 a factor of 1685295?
True
Is 48 a factor of 649302?
False
Is 103 a factor of 49312?
False
Is 919713 a multiple of 12?
False
Does 83 divide 2087367?
True
Is 11 a factor of 276010?
False
Is 1404 a multiple of 18?
True
Is 325404 a multiple of 524?
True
Does 11 divide 432135?
True
Does 376 divide 7860534?
False
Does 15 divide 929205?
True
Does 76 divide 424764?
True
Is 4 a factor of 7392?
True
Is 1480839 a multiple of 6?
False
Is 2555220 a multiple of 6?
True
Is 8 a factor of 271036?
False
Is 711 a factor of 8919655?
False
Does 16 divide 4912381?
False
Does 1104 divide 22500624?
True
Does 632 divide 2537373?
False
Does 995 divide 16611924?
False
Does 9 divide 136071?
True
Is 8 a factor of 82408?
True
Does 15 divide 3548550?
True
Is 17 a factor of 34884?
True
Is 124 a factor of 122681?
False
Is 1005128 a multiple of 21?
False
Is 81 a factor of 3348135?
True
Is 732904 a multiple of 8?
True
Is 25440 a multiple of 145?
False
Is 331 a factor of 16592124?
False
Is 7 a factor of 636117?
False
Is 315008 a multiple of 128?
True
Is 44697 a multiple of 16?
False
Is 1652246 a multiple of 61?
True
Is 239 a factor of 4451098?
False
Does 165 divide 40498?
False
Does 123 divide 58895?
False
Does 77 divide 106793?
False
Is 260 a factor of 714740?
True
Is 78 a factor of 156936?
True
Does 27 divide 805627?
False
Is 12 a factor of 325992?
True
Is 105 a factor of 198555?
True
Is 6 a factor of 3921990?
True
Is 80136 a multiple of 126?
True
Is 12 a factor of 114844?
False
Is 1115 a factor of 5918420?
True
Does 1099 divide 13381210?
False
Is 243334 a multiple of 13?
True
Is 72 a factor of 307368?
True
Does 60 divide 212460?
True
Is 19 a factor of 66830?
False
Is 63770 a multiple of 70?
True
Is 123234 a multiple of 19?
True
Is 17 a factor of 19227?
True
Is 8 a factor of 9067?
False
Is 173440 a multiple of 320?
True
Does 233 divide 6640267?
True
Does 40 divide 13680?
True
Is 12 a factor of 3502164?
True
Is 4487253 a multiple of 102?
False
Is 14 a factor of 935610?
False
Does 34 divide 139142?
False
Is 330 a factor of 3731907?
False
Is 37 a factor of 1128500?
True
Is 228 a factor of 5937778?
False
Is 42 a multiple of 21?
True
Is 13576298 a multiple of 181?
False
Does 205 divide 382735?
True
Is 2387480 a multiple of 38?
False
Does 486 divide 697947?
False
Is 3 a factor of 5166?
True
Is 63 a factor of 9590736?
False
Is 91966 a multiple of 14?
True
Is 157 a factor of 225977?
False
Is 26 a factor of 5509?
False
Does 250 divide 955500?
True
Is 13 a factor of 206673?
False
Does 88 divide 1505461?
False
Is 4 a factor of 2683025?
False
Is 12807414 a multiple of 18?
True
Is 430 a factor of 1869640?
True
Does 508 divide 2099564?
True
Is 1336748 a multiple of 31?
False
Is 250 a factor of 710803?
False
Does 17 divide 32266?
True
Is 880158 a multiple of 45?
False
Is 8251922 a multiple of 853?
True
Is 48 a factor of 11638080?
True
Is 70 a factor of 883680?
True
Is 1255207 a multiple of 27?
False
Does 62 divide 7636292?
True
Is 49 a factor of 1070601?
True
Is 134095 a multiple of 668?
False
Is 18483421 a multiple of 16?
False
Is 61 a factor of 404003?
True
Is 17 a factor of 42772?
True
Is 14 a factor of 73136?
True
Does 3 divide 43302?
True
Is 130496 a multiple of 16?
True
Is 17 a factor of 395766?
False
Does 5 divide 165445?
True
Does 684 divide 2966508?
True
Is 757 a factor of 2487048?
False
Does 3 divide 104646?
True
Does 96 divide 51325?
False
Is 12 a factor of 2406324?
True
Is 143 a factor of 560981?
False
Is 272 a factor of 111907?
False
Does 98 divide 39620315?
False
Is 1898262 a multiple of 229?
False
Is 261074 a multiple of 22?
True
Is 17915 a multiple of 23?
False
Is 277 a factor of 476995?
False
Does 12 divide 931587?
False
Does 15 divide 38680?
False
Is 16 a factor of 431411?
False
Is 4 a factor of 768942?
False
Is 48265 a multiple of 5?
True
Is 15796 a multiple of 37?
False
Is 249 a factor of 2065455?
True
Is 121320 a multiple of 25?
False
Is 10 a factor of 43950?
True
Does 156 divide 64360?
False
Is 12904210 a multiple of 12?
False
Does 11 divide 2628404?
False
Is 504906 a multiple of 614?
False
Does 28 divide 468300?
True
Does 40 divide 13599328?
False
Is 119 a factor of 76160?
True
Does 607 divide 255615?
False
Is 571564 a multiple of 393?
False
Is 8 a factor of 2349024?
True
Is 307 a factor of 325020?
False
Is 32 a factor of 519080?
False
Does 90 divide 201960?
True
Is 40 a factor of 79775?
False
Does 7 divide 7803355?
True
Is 5 a factor of 400840?
True
Is 13 a factor of 107081?
True
Is 225216 a multiple of 64?
True
Is 17472 a multiple of 39?
True
Does 5 divide 489323?
False
Is 71 a factor of 3497460?
True
Is 33321893 a multiple of 14?
False
Is 61 a factor of 342088?
True
Does 20 divide 829198?
False
Does 4 divide 118231?
False
Does 27 divide 1073737?
False
Is 57452 a multiple of 53?
True
Is 61227 a multiple of 3?
True
Is 520 a multiple of 12?
False
Does 59 divide 39066496?
True
Is 98 a factor of 149924?
False
Is 97328 a multiple of 8?
True
Does 4 divide 2963962?
False
Is 78405 a multiple of 12?
False
Is 1553616 a multiple of 16?
True
Is 4 a factor of 10512?
True
Does 10 divide 134510?
True
Is 3056628 a multiple of 302?
False
Is 21 a factor of 665392?
False
Is 20 a factor of 217720?
True
Is 966420 a multiple of 468?
True
Is 3 a factor of 60324?
True
Is 676429 even?
False
Does 131 divide 65897?
False
Is 32 a factor of 1248038?
False
Is 19 a factor of 8185306?
False
Is 7894491 a multiple of 13?
False
Is 9 a factor of 608669?
False
Is 30 a factor of 18919?
False
Does 3 divide 33950?
False
Is 34 a factor of 349722?
False
Is 115377 a multiple of 33?
False
Is 1265234 a multiple of 10?
False
Is 104 a factor of 889876?
False
Is 13435590 a multiple of 71?
False
Is 121 a factor of 2129842?
True
Is 8574426 a multiple of 17?
True
Is 109 a factor of 273917?
True
Does 248 divide 220968?
True
Is 25303 a multiple of 49?
False
Does 214 divide 557470?
True
Is 257 a factor of 1106483?
False
Does 51 divide 774435?
True
Is 25801 a multiple of 2?
False
Is 17684 a multiple of 4?
True
Does 25 divide 2853?
False
Is 115 a factor of 175171?
False
Does 106 divide 7037500?
False
Is 11 a factor of 2149?
False
Is 6 a factor of 59208?
True
Is 150965 a multiple of 109?
True
Is 476 a factor of 3870356?
True
Does 15 divide 272295?
True
Does 33 divide 1626977?
False
Is 30 a factor of 137089?
False
Is 762 a factor of 3381857?
False
Is 391535 a multiple of 337?
False
Is 2945196 a multiple of 8?
False
Is 39390 a multiple of 59?
False
Is 229805 a multiple of 41?
True
Is 135 a factor of 2384505?
True
Does 49 divide 4414931?
False
Is 320 a factor of 67975?
False
Is 12751 a multiple of 24?
False
Is 43 a factor of 67032?
False
Is 339 a factor of 9116512?
False
Is 11 a factor of 18697?
False
Is 26883 a multiple of 63?
False
Is 131283 a multiple of 5?
False
Does 123 divide 1644764?
False
Is 151300 a multiple of 14?
False
Is 99 a factor of 878031?
True
Does 4 divide 182747?
False
Does 45 divide 2674710?
True
Is 5 a factor of 5205?
True
Does 26 divide 563422?
False
Is 413712 a multiple of 676?
True
Is 67 a factor of 26854?
False
Is 59155 a multiple of 12?
False
Does 410 divide 10545?
False
Is 585774 a multiple of 21?
True
Is 3501325 a multiple of 25?
True
Is 72450 a multiple of 75?
True
Is 3157 a multiple of 55?
False
Is 1545252 a multiple of 122?
True
Does 196 divide 6491624?
False
Is 8 a factor of 69088?
True
Is 16 a factor of 490191?
False
Does 29 divide 235306?
True
Does 4 divide 3308212?
True
Is 365 a factor of 1224940?
True
Is 51 a factor of 3209378?
False
Is 473907 a multiple of 25?
False
Is 12 a factor of 405804?
True
Is 320 a factor of 652965?
False
Does 28 divide 815668?
True
Does 413 divide 170400?
False
Is 77 a factor of 639485?
True
Is 342172 a multiple of 443?
False
Is 231 a factor of 862554?
True
Is 47 a factor of 9376782?
True
